e -229 + 234 + -8 + 58.
55
What is the value of (2 - 4) + 4 + -3 - (4 + 7 - -4)?
-16
Calculate (-207 - -260) + (20 - 21) + 1 + 3.
56
What is the value of (-35 - -60) + -13 - -125?
137
2 - (26 + -2 + 3) - -17
-8
What is the value of -161 - -2 - (829 + -827 - (23 + 2))?
-136
What is -3 + (-5 - (-5 - 2 - -3)) + (-10 - -2)?
-12
What is 30242 - 30226 - (0 - (0 - 22))?
-6
What is (-651 - -638) + (-4 - -2 - -5) - 2?
-12
58 + (-22 - 18) + -26 - 72
-80
What is -3 - 14 - ((-1 + -27 - -22) + -35)?
24
Evaluate 1 + -7 + -919 + 878.
-47
Calculate 119 - 200 - (14 + 0 + -22 + 22).
-95
Evaluate (61 - 32) + 0 - 130 - -10.
-91
What is the value of 0 - 92 - (-827 - -710)?
25
What is the value of -4799 - -4810 - (1 - -12)?
-2
Evaluate (41 - (11 - -39)) + -17.
-26
Evaluate 13 - ((21 + -38 - 13) + 9 + -34).
68
What is the value of (-33 - 1) + -1 - (-155 - -163) - -3?
-40
Calculate -37 + (2 + 34 - -47).
46
Evaluate 57 - (27 + -19 - 40).
89
Evaluate 1 - 29 - (164 - 269 - -92).
-15
What is the value of (1 - (1 + -15) - 0) + (1181 - 576 - 612)?
8
What is 174 - (189 - 52) - 4?
33
Calculate (0 + -4 - -1) + (-112 - -8 - (-671 - -618)).
-54
What is 3 + (-23 - (5 + -10) - -13) + 80 + -1?
77
Calculate -87 + 8 - -44 - (-1 + -4).
-30
What is (14 - 0) + 2 + 707 + -678 - 11?
34
What is -45 + 36 + -5 + -3 + 8 + 73?
64
What is the value of 324 + -333 - ((1 - 8) + 1) - -14?
11
Calculate (-1 + 1 - -30) + 8 + (29 + 2 - 27).
42
What is the value of 52 + 12 + (-66 - -2)?
0
What is the value of (-4 - -28) + (1372 - 1422)?
-26
What is the value of -29 + -14 + -2 + 30 + 14 - 109?
-110
-14 + (-10 + (5 - 16) - -43) - (0 + 59)
-51
Evaluate 9 + -1 + -204 + 118 + 57.
-21
Calculate (76 - (-37 + (-3 - -4))) + -11.
101
22 + (29 - 3 - 5 - 21) + -29
-7
What is (-2204 - -2225) + (2 - (33 + -3 + 5))?
-12
Calculate 1175 + -1300 + (7 - -62).
-56
(-32 - -15) + 9 + 11 - (-3 - -3 - -38)
-35
What is (14 + (-6 + 6 + 10 - 39) - -152) + 11?
148
Calculate 60 - (166 - (-119 - -123)).
-102
What is 18 + 0 - (92 - (29 + 67))?
22
Calculate (58 + -29 - (45 + 2)) + 94.
76
What is 0 + 2 - 32 - (-9686 + 9685)?
-29
What is (-15 - -39) + -84 - (9 - -25)?
-94
What is -4 - (-8 + (13 - (7 - (19 + -10))))?
-11
-90 - (-8 + (27 - 22) + (-22 - -7))
-72
What is -2 + -1 + 4 + 464 + -505 + 20 + 0?
-20
What is the value of -434 - -394 - (-1 + 14 + (-3 - 1))?
-49
5 + 42 - 48 - -34
33
What is the value of 29 - ((-118 - -81) + 34)?
32
Calculate (-22 - (-47 - -15)) + (13 - 34).
-11
What is the value of (-19 - -16) + -4 - (20 - (-4 - (8 + -17)))?
-22
What is 91 - 7 - ((371 - 375) + -2 + 17)?
73
What is -4582 + 4542 + (78 - -1)?
39
Evaluate -58 + 7 + (-183 - -151) + -19.
-102
67 + (0 - 82) + -44
-59
What is 59 + (-28 - (-40 - -7 - -20))?
44
Evaluate 6 + -1 + 4 - (94 - 84) - (-3 - -16).
-14
What is 77 - -1 - (-2096 + 2149)?
25
Calculate 2589 + -2445 - (3 - (1 - 27 - -4)).
119
Calculate 232792 - 232777 - ((0 - 1) + 167).
-151
32 - -83 - (9 + 135)
-29
Calculate -3 + -11 - (-29 - ((-4 - 19) + 13)).
5
Calculate -13 - (1 - -4) - -25 - 7.
0
What is 32 - (29 - 55 - -29)?
29
Calculate (-2 + 1 - 10) + 42 + -7 + 15 + -38.
1
Calculate 6 + -18 + 148 + -153 + 69 + 2.
54
What is 22 + 15 + (-5 - 11) + 19?
40
Evaluate 23 - ((-16 - 23 - -23) + 130 - 4).
-87
Evaluate -31 - 2 - (-2596 - -2557).
6
What is the value of -3 + -45 + (-7 - 5 - 2) + 2 + 0?
-60
Evaluate -17 + (-5 + -8 - -19) + 13 - -8.
10
What is (9 - (10 + -10 + -7)) + -10 + (-54 - 0)?
-48
Evaluate (94 - 0) + 1 + -2 + (-224 - (111 - 343)).
101
Evaluate (3 - (3 + 7) - (-4 - (-21 - -33))) + -47.
-38
Evaluate -108 + 117 + 10 + (-14 + 0 - -12).
17
Calculate (3166 - 3164) + 17 + 5 + -3 + (6 - 1).
26
Calculate 72 + 10 + 20 + -4 + -44.
54
What is the value of 2 - (94 + -103 + -14 + -3)?
28
What is the value of (15 - 4) + (125 - 102)?
34
Evaluate -47 - ((1 - (-1 + -6)) + (12 - 28)).
-39
66 - 46 - 43 - 4
-27
What is the value of 29 - (2 + 0 - (-2 - -13))?
38
Evaluate 16 + (20 + -27 + -15 - 25).
-31
What is 4 - (-23 - -40) - -14?
1
Calculate (4 - 12) + 16 + -33 - 4.
-29
(-1 - -3) + 4 + (62 + -145 - -73) + -12
-16
What is 67 + (-22 + 4 - 36)?
13
Calculate 53 + 5 + -20 + -25 + 56.
69
Evaluate -50 - -57 - (24 + (-97 - -24)).
56
49 - (-60 + 48 + 8 + 5 - (3 + -2))
49
Evaluate -8 + -2 + (35 - 68) + 15.
-28
What is the value of 45 - (68 + -28 + -4 + -63)?
72
Evaluate (2 - -1) + (82 - (-20 - -15 - -32)).
58
Evaluate 482 + -400 - (1 + 24) - 16.
41
What is the value of -47 - (-5 + 76) - -250?
132
Evaluate 2 - (55 + (-9 - 29)).
-15
Calculate (8224 - 8296) + (-2 - (2 + -36)).
-40
-1 + -1 + -45 - (-42 + 53) - (-2 + 0)
-56
-1 - ((-12 - -19 - -14) + (117 - 9))
-130
What is the value of 86 - (110 - (30 + -36))?
-30
What is 52 - (11 - (60 + -66 - (-8 + 1)))?
42
Evaluate -86 + (10 - (-10 + 7) - (10 + 12)).
-95
Evaluate -41 + 1 + 83 - 64.
-21
(5 - 0 - 2 - -10) + -7 + -1 + 27
32
Evaluate -26 - (3 + -37) - (4 + 44 + 0).
-40
-8 + (24 + 13 + -25 - 24)
-20
What is the value of (-21 - (-14 - (19 + -16))) + 19 + -62?
-47
1 - (56 + -28) - (2 - -9)
-38
Calculate 5 + -11 + -1 + 5 + -61 - 4.
-67
Calculate -4 + (2 - (-8 - -4)) + -29 + 19.
-8
What is (-1 - 7 - (27 + -11 - -1)) + -4 + 4?
-25
Evaluate 53 + (-48 - -55) - 49.
11
Calculate -14 + -33 + -51 + 100 + -26 + 1.
-23
Evaluate 1 - (25 - (-6 + -1 + (-22 - -33))).
-20
What is the value of -33 + -45 + 49 + 26?
-3
Calculate (2 - -7) + (92 - 148) + 16.
-31
(-18 - -1) + 14 + -3 - -65
59
What is (1 - 1) + 14 + (-85 - (16 + -34))?
-53
What is the value of (2547 - 2553) + -1 + 40?
33
What is -264 + -23 + 176 - (0 + 1 - (-4 - -18))?
-98
Evaluate -44 + (124 - (-3 + 55)).
28
Evaluate 44 + -2 - -2 - 27.
17
Evaluate 1 - 31 - -60 - -6.
36
Calculate -69 + -1 + 1160 + -1111.
-21
Evaluate (33 - (-32 + 71)) + -27 - 24.
-57
What is (-15 - (4 + -12)) + 22 - (-23 + -9 + -81)?
128
Calculate (141 - 3) + 27 + -41 + -32.
92
Calculate 83 + -45 + -122 + 17.
-67
Calculate -45 + (-6 - -32) + (-7 - 6).
-32
-71 + (-48 + 48 - -49)
-22
Evaluate (-119 - -45 - 9) + 111.
28
Calculate (3462 - 3409) + -1 + 20.
72
What is the value of (-12 - 9) + 52 - 65?
-34
Calculate (-81 - (-160 - -79)) + -96.
-96
Calculate -3 + -1 - ((31 - 36 - -30) + -125 - 4).
100
Calculate -7 - (-21 + 23 + -5) - 43 - (1 - -4).
-52
What is the value of 14 + -6 - (-4 + -2 - -28) - 33?
-47
(11 - (14 + -12 - -10)) + (-34 - -5)
-30
Calculate (0 - -20 - (-1 + 4 - -3)) + -48 + 41.
7
What is the value of (-17 - -41) + -44 + 3 + 6?
-11
What is the value of -9 + (6 - 8) - (6 + (17 - -5))?
-39
Evaluate -49 - (-20 - ((-1 - (14 - 16)) + -7) - -22).
-57
-3 + 21 - (50 - (-80 + 154))
42
What is the value of (14 - 37) + (29 - (31 - 18))?
-7
What is the value of (33 - 74) + 40 + -2 + 49 - 11?
35
Calculate 84 + -100 + 29 + 34.
47
Calculate -11 + (-32 + (-23 - -68) - 43).
-41
What is the value of -8 - -14 - (-42 + 62)?
-14
What is the value of 15 - (-6 + 16) - (-42 + (8 - -8))?
31
Calculate 8 - (93 + -152 + 92).
-25
Evaluate 60 - 31 - -34 - 65.
-2
(-1 - (-17 - (5 + -7))) + 52 + 12 + -4
74
Evaluate 45 - 86 - -47 - -23.
29
-75 - (-17 - -27 - 12 - -15 - 13)
-75
What is the value of (-6 - (-15 + (-15 - -37))) + -25 + -1 + 0?
-39
What is -1 - (-45 - -21 - -67)?
-44
Evaluate 65 + (0 + -24 - (1 + 8 - 40)).
72
What is 71 - ((-44 - -43) + 67)?
5
What is the value of (1 - -2) + -24 + 33 - (69 + 3)?
-60
What is 6 + 5 + -44 - -73?
40
What is -115 - (-5 + -3 + (2 - -7 - (31 - 17)))?
-102
Calculate 6 - (2 + -3 + (0 - -2) + 4782 + -4678).
-99
Evaluate 1 + -63 + (-48 - (-62 + -2)).
-46
Evaluate 16 + (39 - 35) - -20.
40
Evaluate -24 - ((-66 - -30) + -25).
37
What is the value of 4 + -20 + -31 - -98?
51
What is -168 - (-167 - -48) - (-1 + -2 + 23)?
-69
Evaluate (13 - 0) + 0 - (-4 - (-75 - 4 - -88)).
26
What is 0 + (0 - 1 - (-9 - -7)) + (-25 - 5)?
-29
Evaluate (-69 - -5) + 101 - -10.
47
What is -34 - (9 + 1 - 17 - (-5 - (-1 + -3)))?
-28
Calculate 55 + (-73 - (-19 + -20)).
21
What is (6 - -10) + 13 + 0 + -7 + 0?
22
What is the value of -20 + (38 - 27) - (-4 + 4 - -3) - -86?
74
Evaluate (-20 - (-31 - 22)) + (2 - (-6 - -9)).
32
-10 + -30 + (-39 - -86)
7
Evaluate -5 - 16 - 1 - (388 - 346).
-64
What is 35 + 102 + -129 - (1 + -2 + (3 - 2))?
8
Evaluate 2689 + -2728 + (11 - 1).
-29
What is the value of 59 + -118 + 56 + 89?
86
Evaluate (31 - (-3 + 4) - (429 - 423)) + -2.
22
Evaluate -61 - (-26 